{"id":280,"date":"2021-03-14T16:14:32","date_gmt":"2021-03-14T22:14:32","guid":{"rendered":"https:\/\/migaleriadevideojuegos.wordpress.com\/?page_id=280"},"modified":"2021-03-14T16:14:32","modified_gmt":"2021-03-14T22:14:32","slug":"razones","status":"publish","type":"page","link":"https:\/\/pensadero.mx\/index.php\/razones\/","title":{"rendered":"Acerca de"},"content":{"rendered":"\n<p>En el mundo de <em>Harry Potter<\/em> un <em>pensadero<\/em> es un objeto que nos permite depositar nuestros recuerdos en \u00e9l para verlos reflejados afuera de nuestra mente. Esta idea se me hizo sumamente interesante, por lo que decid\u00ed crear uno para m\u00ed, uno que pudiera compartirse con el mundo. Es as\u00ed como naci\u00f3 este blog.<\/p>\n\n\n\n<p>En este <em>&#8220;pensadero&#8221;<\/em> expongo algunas ideas sobre el min\u00fasculo momento en que vivimos. Cosas cotidianas y reflexiones sencillas: la ciudad en que vivo, el consumismo, la influencia de la hiper &#8211; conectividad del internet sobre nuestra sociedad y otros temas.<\/p>\n\n\n\n<p>Compartir nuestras opiniones es importante, y las redes sociales son el medio mas natural para ello, pero he encontrado que estas presentan demasiado ruido e inconsistencia. Crear un espacio propio y constante como este blog me result\u00f3 la respuesta mas sensata a esta situaci\u00f3n. <\/p>\n\n\n\n<p>Mi intenci\u00f3n es que este espacio sea un semillero, un llamado a atender los temas que me parecen urgentes o interesantes. Es el inicio de una conversaci\u00f3n, no el final; ya que a \u00e9ste quiz\u00e1s nunca lleguemos, pero en intentarlo y encontrarnos con otros, habremos avanzado.&nbsp;<\/p>\n\n\n\n<p>Gracias por leer y espero disfrutes este espacio.<\/p>\n","protected":false},"excerpt":{"rendered":"<p>En el mundo de Harry Potter un pensadero es un objeto que nos permite depositar nuestros recuerdos en \u00e9l para verlos reflejados afuera de nuestra mente. Esta idea se me hizo sumamente interesante, por lo que decid\u00ed crear uno para m\u00ed, uno que pudiera compartirse con el mundo. Es as\u00ed como naci\u00f3 este blog. En [&hellip;]<\/p>\n","protected":false},"author":1,"featured_media":0,"parent":0,"menu_order":0,"comment_status":"closed","ping_status":"closed","template":"","meta":[],"aioseo_notices":[],"_links":{"self":[{"href":"https:\/\/pensadero.mx\/index.php\/wp-json\/wp\/v2\/pages\/280"}],"collection":[{"href":"https:\/\/pensadero.mx\/index.php\/wp-json\/wp\/v2\/pages"}],"about":[{"href":"https:\/\/pensadero.mx\/index.php\/wp-json\/wp\/v2\/types\/page"}],"author":[{"embeddable":true,"href":"https:\/\/pensadero.mx\/index.php\/wp-json\/wp\/v2\/users\/1"}],"replies":[{"embeddable":true,"href":"https:\/\/pensadero.mx\/index.php\/wp-json\/wp\/v2\/comments?post=280"}],"version-history":[{"count":0,"href":"https:\/\/pensadero.mx\/index.php\/wp-json\/wp\/v2\/pages\/280\/revisions"}],"wp:attachment":[{"href":"https:\/\/pensadero.mx\/index.php\/wp-json\/wp\/v2\/media?parent=280"}],"curies":[{"name":"wp","href":"https:\/\/api.w.org\/{rel}","templated":true}]}}